 - 8*s + 3. Give p(g).
3
Let d(p) = 3 + 4*p - 5*p + 0*p. Let a = -8 + 4. Calculate d(a).
7
Let i(x) = -12 + 11*x - x**2 - 7 + 12 - 4*x. Give i(6).
-1
Let z(r) = r**3 + 3*r**2 - 2*r + 4. Suppose 7*q - 35 = 2*q. Suppose 10 = 5*x, -5*x = 5*s + q + 3. Determine z(s).
-4
Let k(w) = -w. Let i be k(-5). Let d(f) be the third derivative of -f**6/120 + f**4/24 - f**2. Let m(p) = -6*p**2 + 9*p - 6. Let l(t) = -d(t) + m(t). Give l(i).
9
Let u(t) = -t**2 - 5*t - 7. Let l(a) = -a**2 - 3*a - 4. Let c(i) = 10*l(i) - 6*u(i). Determine c(2).
-14
Let w(y) = -6*y**3 - 4*y**2 - 7*y - 10. Let x(l) = -7*l**3 - 4*l**2 - 8*l - 11. Let z(d) = 6*w(d) - 5*x(d). Give z(-4).
3
Suppose 0 = n - 2 + 4. Let i be 0/(n + 0) + 0. Suppose 0*w - 3*w + 3 = i. Let c(h) = -h**2 + 2*h. Calculate c(w).
1
Let r be (-21)/(-14)*((-4)/6 - 0). Let c(p) = -14*p**2 - p. Determine c(r).
-13
Let o(t) = t + 1. Let q be o(-2). Let s(r) be the third derivative of -r**5/10 + r**4/24 - 8*r**2. What is s(q)?
-7
Suppose -5*f + d - 10 = -3*d, 2*f - d + 1 = 0. Let z(k) = k**3 - k**2 + k. Give z(f).
6
Suppose 0*z = 4*z + 8. Suppose -3*f + 16 = f, 4 = 4*w - f. Let d(j) = -j**2 + j + 3*j**2 - 3*j - 3*j**w. Calculate d(z).
0
Let w(p) be the third derivative of 0*p - 1/3*p**3 - 5*p**2 + 1/60*p**5 - 1/8*p**4 + 0. What is w(3)?
-2
Let i(o) = o**3 - 3*o**2 - 2*o + 3. Let k = -16 + 19. Give i(k).
-3
Suppose -p = 4*w - 6, -p = 3*w + 2*w - 8. Suppose 3*q - c = 10, w*c - 5*c + 6 = 3*q. Let b(k) = -2*k**2 - 5 + 3*k**q - 2*k**3 + k**2. What is b(0)?
-5
Let t(r) = r**2 + 1. Let s be t(1). Let d(z) be the second derivative of z**4/12 - z**3/6 + z**2 + 13*z. Determine d(s).
4
Let y be (-12)/9 + 2/6. Let c(t) = 13*t**3 + 2*t + 1. Determine c(y).
-14
Let c = -24 - -20. Let w(a) = a + 3*a**2 + 3*a - 2*a**2 + 1. Calculate w(c).
1
Let s(u) = u**2 + 4*u - 3. Let f(a) = 2*a**2 + a - 6. Let c be f(0). Give s(c).
9
Let d(v) = -7*v**2 + 9*v + 7. Let g(t) = 4*t**2 - 5*t - 4. Suppose 2 - 7 = -b. Let n(w) = b*g(w) + 3*d(w). Determine n(-1).
-2
Let j(k) = -222*k**3 + 2 + 221*k**3 + k + 8*k**2 - 3*k**2 - 4*k. Determine j(4).
6
Let c(l) = l + 1. Let s(m) = -m**3 + 10*m**2 - 9*m + 3. Let w be s(9). Suppose -w*t + 7*t = 0. Suppose b + 2 = -3*x + 9, -b + 5*x - 25 = t. Determine c(b).
-4
Let a(t) = 3*t**2 + t + 4. Let h(g) = g**3 + 5*g**2 + g + 1. Let y be h(-5). Let n(q) = q**2 + 1. Let c(i) = y*n(i) + a(i). What is c(2)?
-2
Let a(o) = -o - 6 + 2 - 4. Let b(j) = -j - 4. Let p be b(0). Calculate a(p).
-4
Let b(l) = 4*l - 5. Let s(d) = -d. Let f(t) = t**3 + 4*t**2 - 2*t - 3. Let i be f(-4). Let n(z) = i*s(z) + b(z). Give n(0).
-5
Let n(p) be the first derivative of p**3/3 + 5*p**2/2 + 5*p + 21. Suppose -5*u - 18 = 2. Give n(u).
1
Suppose 4*z = z. Let h = -4 - -6. Let g(c) = 1 + 3*c - 3*c - 3*c + h*c. Determine g(z).
1
Let z(v) = v - 3. Let q be z(3). Let p(d) = 2*d + 3*d**2 - d**2 + q*d**2 + 3 - d**3 - 5. Let x be p(3). Let o(r) = -r**2 - 6*r + 6. Calculate o(x).
11
Let f(j) = 8*j + 3. Let s(w) = -w**2 - 5*w + 2. Let l be s(-6). Let r(k) = 8*k + 4. Let m(t) = l*f(t) + 3*r(t). Let y = -49 + 50. Determine m(y).
-8
Let h(c) = -c + 2. Let y be h(-2). Let q(g) be the third derivative of 0 - 1/120*g**6 + 1/3*g**3 - 1/12*g**4 + 1/15*g**5 + 0*g - 2*g**2. Determine q(y).
-6
Let b = 6 + -9. Let z(d) = -10*d - 16. Let q(x) = 8*x + 14. Let j(i) = -6*q(i) - 5*z(i). Give j(b).
-10
Let w be 4 + (-41)/6 - -3. Let y(i) be the second derivative of 0 - w*i**3 - 1/12*i**4 + i - i**2. What is y(0)?
-2
Let j = 12 + -10. Let l(s) = -j + 4*s + 5 + 0. Calculate l(-3).
-9
Suppose 3*k - 3*x - 12 = 0, -3*k - x + 0*x = -8. Let z(r) = r**3 - 3*r**2 + 4*r - 3. Give z(k).
9
Let s(d) = 2*d**2 - 16*d - 4. Let u be s(8). Let z(b) = b - 1 + 2 - 4. Give z(u).
-7
Let w(x) = x**3 - 2*x**2 + 4*x - 1. Let r(m) = m**2 - m. Let b(j) = -7*r(j) - 2*w(j). Give b(-2).
8
Let l(p) be the third derivative of p**4/24 + 4*p**3/3 - 21*p**2. What is l(0)?
8
Suppose -5*d - 4*q + q + 1 = 0, 3*d + 6 = -4*q. Let o be 228/54 + 4/(-18). Let n(k) = 2 + 2*k**2 - o*k**d + k**2. Give n(-2).
-2
Let a be (7 + 1 + -3)*1. Let w(h) = -h + 7. Determine w(a).
2
Suppose 5*u + 1 = 11. Let w(d) = -2*d**2 + 3*d - 1. Determine w(u).
-3
Let k(v) = -v + 2. Suppose -x - 5*z - 24 = -0*x, 2*x + 40 = -2*z. Let y = 19 + x. Determine k(y).
2
Let u(m) = m**2 + 3*m - 6. Let j be (-13 - -12)/((-2)/(-10)). Calculate u(j).
4
Let g(i) be the second derivative of i**3/3 + i**2 - 2*i. Give g(-5).
-8
Let w(h) = 11*h - 5*h**2 - 11*h + h**3 + 1 + 2. Let y be w(5). Let f(r) = -3*r - 1. What is f(y)?
-10
Let k = -33 - -26. Let y(v) = v + 12. Give y(k).
5
Let h(n) = n**3 - 6*n**2 + 4*n - 5. Suppose -2*s + 10 = 0, u + 6*s - 19 = 3*s. Give h(u).
-21
Let v(p) be the second derivative of -p**5/20 - 5*p**4/12 + p**2 + 5*p. Determine v(-3).
-16
Suppose 3*a + 2*z - 10 = 3*z, 2*a = -z. Let o(n) be the third derivative of 1/8*n**4 + 0 - 1/2*n**3 + 1/60*n**5 + n**2 + 0*n - 1/120*n**6. Calculate o(a).
-1
Let y(q) = 3*q**2 - q. Let i(o) = -o**2 - o + 1. Let z(t) = 2*i(t) + y(t). Calculate z(4).
6
Let l(q) = -q**2 + 4*q + 10. Let z = 36 + -29. What is l(z)?
-11
Suppose 3*z - 3*p = -p - 20, -2*z - p - 11 = 0. Let h(l) = -l**2 - 3*l + 6. What is h(z)?
-12
Let t(f) be the second derivative of -f**7/840 - f**6/72 - 7*f**5/120 - 5*f**4/24 - 2*f**3/3 + 4*f. Let m(d) be the second derivative of t(d). Give m(-4).
7
Let b(l) = -l**2 + 3*l - 2. Suppose 0 = z + 2*a + 7, 3 + 27 = 5*z - 3*a. Let m be b(z). Let k(j) = -2*j. Calculate k(m).
4
Let d(v) be the second derivative of v**3/3 - 5*v**2/2 + 14*v + 1. What is d(4)?
3
Suppose 5*o + 3*f = 11, 3*o = 5*f + 7 + 20. Let k = o - 4. Suppose 4*y + 4 + k = 0. Let b(s) = -5*s - 1. Give b(y).
4
Let j(r) = -r**3 - r - 10. Let n be ((0 - -4)/4 - 0) + -1. Calculate j(n).
-10
Let j be (-72)/90*10/4. Let m(b) = b**2 + b. Let u be m(1). Let d(o) = 0 + 0 + o**u. Determine d(j).
4
Let q(x) = 3*x - 1. Let f be q(1). Let k be (-1)/f - (-5)/(-10). Let w(a) be the first derivative of -5*a**4/4 - a**3/3 - a**2/2 - a - 2. Give w(k).
4
Suppose -9 = -r - 2*r. Let t be (0 - (r - 1)) + -3. Let j(l) = l**2 + 6*l + 5. Determine j(t).
0
Let s(i) = -4*i - 1. Let n(y) = 7*y + 2. Let f(b) = -4*n(b) - 9*s(b). Let q = 43 - 44. Determine f(q).
-7
Let w(q) = 6*q - 3*q**2 + 10 + 2*q**2 - 6 + 2. Determine w(6).
6
Let r = 6 - 7. Let q(d) = 10*d**3 - d**2 + 3*d + 3. Let j(f) = -11*f**3 + f**2 - 4*f - 4. Let x(y) = -2*j(y) - 3*q(y). Determine x(r).
9
Let x(q) be the second derivative of q**5/20 + q**4/3 - q**3/3 - 2*q**2 + q. Let n be 1/(-1) + (-15)/5. Calculate x(n).
4
Let h(a) be the second derivative of -a**7/1260 + a**5/120 + 7*a**4/12 + 5*a. Let k(u) be the third derivative of h(u). What is k(2)?
-7
Let h(z) be the second derivative of -z**4/12 + 5*z**3/3 - 3*z**2/2 + 5*z. Let p be h(9). Let r(a) = a**3 - 6*a**2 + 3. Give r(p).
3
Let x be -5*3/(-15)*4. Let r(p) = -p**3 + 5*p**2 - 4*p + 4. What is r(x)?
4
Let w(s) = -s + 1. Let n(g) = 10*g - 4. Let a(d) = n(d) + 5*w(d). Give a(2).
11
Let k(v) = v**2 - 1 - 2 - 3. Determine k(0).
-6
Let g(d) be the first derivative of -d**6/360 + d**5/20 + 5*d**4/24 - 2*d**3 + 1. Let t(o) be the third derivative of g(o). Determine t(6).
5
Let j(l) = -7*l + 60. Let x be j(8). Let r(o) be the first derivative of o - 1/3*o**3 + o**x + 1/2*o**2 + 4. Calculate r(-1).
-5
Let f be (-24)/(-10) - (-4)/(-10). Suppose c - f = -8. Let y(p) = -2*p + 11. Let q(t) = t - 10. Let h(n) = 4*q(n) + 3*y(n). Calculate h(c).
5
Let p = -20 - -22. Let k be 2/(-4)*(2 - 0). Let y(s) = -s**2 + 1. Let w(a) = -5*a**2 - 2*a + 6. Let v(x) = k*w(x) + 6*y(x). Calculate v(p).
0
Let y(i) = -i**2 + 6*i - 6. Suppose 6*m - m + 10 = 0, 0 = 5*z - 3*m + 74. Let u be (7/(-14))/(2/z). Give y(u).
2
Let t(h) = -h + 1. Let g be (1 + -3 + 1)*-15. Suppose -5*b - 4*s - 5 = 0, -s + g = b + 3*s. Calculate t(b).
6
Let o(p) = 10*p - 4 - p**2 - 21*p + 18*p. Let h = -18 + 25. Let a be h*1 + (-2 - 0). What is o(a)?
6
Let h be 6 + 6/(-21) + (-15)/21. Let b(t) = -t**3 + 6*t**2 - 4*t - 1. Calculate b(h).
4
Let x(i) be the first derivative of -3*i + 1/4*i**4 + 3/2*i**2 - 2/3*i**3 + 3. Determine x(2).
3
Let o(z) = -2*z**2 - 2*z - 1. Let a = -54 - -51. What is o(a)?
-13
Let o = -4 + 4. Let h = 2 + o. Suppose -h*x - 15 = -7*x. Let f(c) = -c**2 + 3*c + 3. Calculate f(x).
3
L